{"id":4755,"date":"2013-01-08T11:11:30","date_gmt":"2013-01-08T10:11:30","guid":{"rendered":"http:\/\/guidoblogs.org\/?page_id=4755"},"modified":"2013-01-08T11:38:13","modified_gmt":"2013-01-08T10:38:13","slug":"08-01-13-vox-technologies","status":"publish","type":"page","link":"https:\/\/guidoblogs.org\/?page_id=4755","title":{"rendered":"08\/01\/13 &#8211; Vox Technologies"},"content":{"rendered":"<p><strong><span style=\"text-decoration: underline;\">Presentaci\u00f3n<\/span><\/strong><br \/>\n<strong><span style=\"text-decoration: underline;\"><br \/>\n<\/span><\/strong> Somos <a href=\"https:\/\/plus.google.com\/105395576470813959092#105395576470813959092\/about\" target=\"_blank\">Esther Justel<\/a> y <a href=\"https:\/\/plus.google.com\/108947628952469788557\/about#108947628952469788557\/about\" target=\"_blank\">Carlos Campa\u00f1a<\/a>, profesores fundadores de <strong>Vox Technologies<\/strong>.<\/p>\n<p>Jos\u00e9 Luis Miralles\u00a0nos ha ofrecido la oportunidad de presentarnos ante todos vosotros a trav\u00e9s de su web\u00a0<a href=\"http:\/\/www.guidoblogs.org\/\" target=\"_blank\">GuidoBlogs<\/a>.<\/p>\n<p>Ante todo queremos agradecerle esta oportunidad, pero sobretodo por su iniciativa con <strong>GuidoBlogs<\/strong>. Hemos conocido a muchos blogs y webs de gran inter\u00e9s y calidad gracias a \u00e9l, y el objetivo que persigue <strong>GuidoBlogs<\/strong>\u00a0encaja a la perfecci\u00f3n con el nuestro.<\/p>\n<p><strong><span style=\"text-decoration: underline;\">\u00bfQui\u00e9nes somos?<\/span><\/strong><\/p>\n<p>Nuestro estudio de t\u00e9cnica vocal se llama <strong>Vox Technologies<\/strong>, y estamos afincados en Barcelona.<\/p>\n<p>Como la mayor\u00eda de personas, a lo largo de nuestra trayectoria en el canto nos hemos encontrado con una infinidad de problemas para mejorar. La incertidumbre y el desconocimiento del c\u00f3mo conseguirlo se convert\u00eda en frustraci\u00f3n al no poder mejorar nuestra t\u00e9cnica vocal. De nuevo, como la mayor\u00eda de la gente, \u00edbamos de un profesor de canto a otro sin obtener resultados, malgastando nuestro tiempo y con cada vez menos dinero en nuestros bolsillos.<\/p>\n<p>Pero nosotros tuvimos la suerte de encontrarnos con la t\u00e9cnica <strong>Speech Level Singing<\/strong>. Desde el primer momento nos ofreci\u00f3 resultados, por lo que seguimos recibiendo clases de un profesor certificado por esta t\u00e9cnica. Al cabo de mucho tiempo as\u00ed, nos dimos cuenta de que ambos ten\u00edamos facilidad para entender las mec\u00e1nicas de la voz y para ayudar a aprender a cantar a otra gente, por lo que nos decidimos por estudiar para ser profesores de esta t\u00e9cnica, certific\u00e1ndonos as\u00ed nosotros tambi\u00e9n.<\/p>\n<p><strong><span style=\"text-decoration: underline;\">\u00bfQu\u00e9 queremos aportar?<\/span><\/strong><br \/>\n<strong><span style=\"text-decoration: underline;\"><br \/>\n<\/span><\/strong> Nuestro objetivo primordial es ayudar a todo aquel que quiera aprender a cantar a hacerlo lo m\u00e1s r\u00e1pido posible, de una manera sana y sin peligro para sus voces. A su vez tambi\u00e9n queremos llegar al mayor n\u00famero de gente posible, para que todo el mundo que quiera aprender a cantar pueda hacerlo.<\/p>\n<p>Para ello utilizamos los siguientes tres pilares:<\/p>\n<ul>\n<li><strong>Speech Level Singing<\/strong>. Como hemos comentado, esta es la t\u00e9cnica vocal que utilizamos. \u00c9sta se basa en que cantar debe ser tan f\u00e1cil como hablar. Debes poder hacer cualquier nota de tu rango vocal de forma f\u00e1cil y sin esfuerzo, sea grave o aguda, con mucha intensidad o con poca, buscando la estabilidad de la laringe y una compresi\u00f3n cordal sana.<\/li>\n<li><strong>Programaci\u00f3n Neuro-Ling\u00fc\u00edstica<\/strong>. Ser un gran experto en algo no implica ser el mejor para ense\u00f1arlo. Cada uno de nosotros aprendemos de formas diferentes, y el uso del lenguaje es primordial para ello. La <strong>Programaci\u00f3n Neuro-Ling\u00fc\u00edstica<\/strong>\u00a0es una herramienta de comunicaci\u00f3n que nos ayuda a transmitir todos los conceptos de una manera personalizada, para que todo el mundo lo pueda entender de la forma m\u00e1s clara posible. A su vez, tambi\u00e9n es una herramienta que sirve para anular las creencias que muchos de nosotros tenemos o hemos tenido, como por ejemplo <em>\u00abyo no podr\u00e9 cantar\u00bb, \u00abno puedo aprender a cantar\u00bb, \u00abnunca llegar\u00e9 a ser bueno en esto\u00bb, <\/em>etc.<\/li>\n<li><strong>Tecnolog\u00eda inform\u00e1tica<\/strong>. Paralelamente, poseemos una amplia experiencia en el campo del desarrollo de software, permiti\u00e9ndonos utilizar las nuevas tecnolog\u00edas para llegar a m\u00e1s gente y para ofrecer materiales did\u00e1cticos de \u00faltima generaci\u00f3n tanto a los cantantes que empiezan como a los cantantes profesionales. A d\u00eda de hoy hemos creado <strong><a href=\"https:\/\/itunes.apple.com\/es\/app\/vox-tools-aprender-a-cantar\/id568721281?mt=8\" target=\"_blank\">Vox Tools<\/a><\/strong>, una App para dispositivos Apple ( iPod, iPhone y iPad ) donde los no iniciados pueden ver en qu\u00e9 consiste un entrenamiento vocal y los usuarios avanzados pueden encontrar rutinas de calentamiento y de entrenamiento de ciertos aspectos de la voz.<\/li>\n<\/ul>\n<div><strong><span style=\"text-decoration: underline;\">Nuestro blog<\/span><\/strong><\/div>\n<div><strong><span style=\"text-decoration: underline;\"><br \/>\n<\/span><\/strong><\/div>\n<div>Nuestro\u00a0<a href=\"http:\/\/blog.vox-technologies.com\/\" target=\"_blank\">blog de canto y t\u00e9cnica vocal<\/a>\u00a0es nuestro primer paso para difundir informaci\u00f3n acerca de muchos mitos en la ense\u00f1anza vocal que han hecho mucho da\u00f1oo en el campo.<\/div>\n<div><\/div>\n<div>En \u00e9l nos centramos en proporcionar consejos de canto siempre desde la perspectiva de <strong>Speech Level Singing<\/strong>, pero siempre con el esp\u00edritu de aprender de los dem\u00e1s, por lo que apreciamos much\u00edsimo todos los comentarios que nos hace llegar la gente.<\/div>\n<div><strong><span style=\"text-decoration: underline;\"><br \/>\n<\/span><\/strong><\/div>\n<div>Esperamos ser de gran ayuda y que entre todos podamos mejorar las condiciones de la ense\u00f1anza de la t\u00e9cnica vocal.<\/div>\n","protected":false},"excerpt":{"rendered":"<p>Presentaci\u00f3n Somos Esther Justel y Carlos Campa\u00f1a, profesores fundadores de Vox Technologies. Jos\u00e9 Luis Miralles\u00a0nos ha ofrecido la oportunidad de presentarnos ante todos vosotros a trav\u00e9s de su web\u00a0GuidoBlogs. Ante todo queremos agradecerle esta oportunidad, pero sobretodo por su iniciativa&hellip;<\/p>\n<p class=\"more-link-p\"><a class=\"more-link\" href=\"https:\/\/guidoblogs.org\/?page_id=4755\">Read more &rarr;<\/a><\/p>\n","protected":false},"author":1,"featured_media":0,"parent":15,"menu_order":12,"comment_status":"open","ping_status":"closed","template":"","meta":{"jetpack_post_was_ever_published":false,"footnotes":""},"class_list":["post-4755","page","type-page","status-publish","hentry"],"jetpack_shortlink":"https:\/\/wp.me\/P26BS1-1eH","jetpack_sharing_enabled":true,"_links":{"self":[{"href":"https:\/\/guidoblogs.org\/index.php?rest_route=\/wp\/v2\/pages\/4755","targetHints":{"allow":["GET"]}}],"collection":[{"href":"https:\/\/guidoblogs.org\/index.php?rest_route=\/wp\/v2\/pages"}],"about":[{"href":"https:\/\/guidoblogs.org\/index.php?rest_route=\/wp\/v2\/types\/page"}],"author":[{"embeddable":true,"href":"https:\/\/guidoblogs.org\/index.php?rest_route=\/wp\/v2\/users\/1"}],"replies":[{"embeddable":true,"href":"https:\/\/guidoblogs.org\/index.php?rest_route=%2Fwp%2Fv2%2Fcomments&post=4755"}],"version-history":[{"count":0,"href":"https:\/\/guidoblogs.org\/index.php?rest_route=\/wp\/v2\/pages\/4755\/revisions"}],"up":[{"embeddable":true,"href":"https:\/\/guidoblogs.org\/index.php?rest_route=\/wp\/v2\/pages\/15"}],"wp:attachment":[{"href":"https:\/\/guidoblogs.org\/index.php?rest_route=%2Fwp%2Fv2%2Fmedia&parent=4755"}],"curies":[{"name":"wp","href":"https:\/\/api.w.org\/{rel}","templated":true}]}}