{"id":1932,"date":"2012-03-09T23:47:47","date_gmt":"2012-03-09T22:47:47","guid":{"rendered":"http:\/\/guidoblogs.org\/?page_id=1932"},"modified":"2013-01-08T12:24:40","modified_gmt":"2013-01-08T11:24:40","slug":"090312-con-dos-bemoles","status":"publish","type":"page","link":"https:\/\/guidoblogs.org\/?page_id=1932","title":{"rendered":"09\/03\/12 &#8211; Con dos bemoles"},"content":{"rendered":"<p>Guidoblogs\u00a0apareci\u00f3 en mi vida de la mano de\u00a0<em>Musikanten<\/em>, el blog de una compa\u00f1era de estudios y profesi\u00f3n. Ella me coment\u00f3 el interesante trabajo que estaba desarrollando Jos\u00e9 Luis Miralles y me decid\u00ed a escribirle para formar parte de la comunidad. Ahora me ofrece la oportunidad de presentar mi blog y, encantada de la vida, ah\u00ed dejo un breve resumen de su corta historia.<\/p>\n<p><em>Sol Menor<\/em>\u00a0es una escuela de m\u00fasica que naci\u00f3 hace tres a\u00f1os y medio en un pueblo de la Comunidad de Madrid: San Agust\u00edn del\u00a0Guadalix. Con ella, un blog inici\u00f3 su andadura por el mundocibern\u00e1utico, con la idea de dar noticias acerca de la escuela, adem\u00e1s de aportar materiales e ideas para los alumnos.<\/p>\n<p>Lo primero que hubo que hacer fue ponerle un nombre al mismo. A\u00fan a riesgo de parecer irreverentes por el grueso de los lectores no m\u00fasicos, decid\u00ed que el blog de\u00a0<em>Sol Menor<\/em>\u00a0s\u00f3lo pod\u00eda tener un nombre:\u00a0<em>Con 2 bemoles<\/em>. Ese fue el comienzo. (\u2026) A d\u00eda de hoy, la cara de sorpresa y revelaci\u00f3n de mis alumnos y otros seguidores al entender el por qu\u00e9 del nombre me hace pensar que fue todo un acierto y eso siempre es agradable. Y si no hubiera sido as\u00ed\u2026<\/p>\n<p>Adem\u00e1s de comentar los eventos referentes a la escuela, he intentado todo este tiempo opinar acerca de noticias musicales que me han parecido interesantes fueran o no actuales, y dar mi visi\u00f3n absolutamente subjetiva acerca del mundo de la m\u00fasica tal y como lo conocemos hoy en d\u00eda. Al fin y al cabo, un blog da la libertad de poder expresar los sentimientos y opiniones, dando posibilidad a que surjan nuevos debates y que opiniones externas enriquezcan las propias.<\/p>\n<p>Aunque\u00a0<em><a href=\"http:\/\/con2bemoles.wordpress.com\/\">Con 2 bemoles<\/a><\/em>\u00a0no es un blog que sobresalga por la cantidad de contenidos, ni por grandes art\u00edculos de investigaci\u00f3n ni, sobretodo, por su regularidad, invito a todo aquel que quiera a pasarse y opinar.<\/p>\n<p>Porque ante todo, un blog no es (o no deber\u00eda ser) unidireccional.<\/p>\n","protected":false},"excerpt":{"rendered":"<p>Guidoblogs\u00a0apareci\u00f3 en mi vida de la mano de\u00a0Musikanten, el blog de una compa\u00f1era de estudios y profesi\u00f3n. Ella me coment\u00f3 el interesante trabajo que estaba desarrollando Jos\u00e9 Luis Miralles y me decid\u00ed a escribirle para formar parte de la comunidad.&hellip;<\/p>\n<p class=\"more-link-p\"><a class=\"more-link\" href=\"https:\/\/guidoblogs.org\/?page_id=1932\">Read more &rarr;<\/a><\/p>\n","protected":false},"author":1,"featured_media":0,"parent":15,"menu_order":10,"comment_status":"open","ping_status":"closed","template":"","meta":{"jetpack_post_was_ever_published":false,"footnotes":""},"class_list":["post-1932","page","type-page","status-publish","hentry"],"jetpack_shortlink":"https:\/\/wp.me\/P26BS1-va","jetpack_sharing_enabled":true,"_links":{"self":[{"href":"https:\/\/guidoblogs.org\/index.php?rest_route=\/wp\/v2\/pages\/1932","targetHints":{"allow":["GET"]}}],"collection":[{"href":"https:\/\/guidoblogs.org\/index.php?rest_route=\/wp\/v2\/pages"}],"about":[{"href":"https:\/\/guidoblogs.org\/index.php?rest_route=\/wp\/v2\/types\/page"}],"author":[{"embeddable":true,"href":"https:\/\/guidoblogs.org\/index.php?rest_route=\/wp\/v2\/users\/1"}],"replies":[{"embeddable":true,"href":"https:\/\/guidoblogs.org\/index.php?rest_route=%2Fwp%2Fv2%2Fcomments&post=1932"}],"version-history":[{"count":0,"href":"https:\/\/guidoblogs.org\/index.php?rest_route=\/wp\/v2\/pages\/1932\/revisions"}],"up":[{"embeddable":true,"href":"https:\/\/guidoblogs.org\/index.php?rest_route=\/wp\/v2\/pages\/15"}],"wp:attachment":[{"href":"https:\/\/guidoblogs.org\/index.php?rest_route=%2Fwp%2Fv2%2Fmedia&parent=1932"}],"curies":[{"name":"wp","href":"https:\/\/api.w.org\/{rel}","templated":true}]}}

<p>Guidoblogs apareció en mi vida de la mano de <em>Musikanten</em>, el blog de una compañera de estudios y profesión. Ella me comentó el interesante trabajo que estaba desarrollando José Luis Miralles y me decidí a escribirle para formar parte de la comunidad. Ahora me ofrece la oportunidad de presentar mi blog y, encantada de la vida, ahí dejo un breve resumen de su corta historia.</p>
<p><em>Sol Menor</em> es una escuela de música que nació hace tres años y medio en un pueblo de la Comunidad de Madrid: San Agustín del Guadalix. Con ella, un blog inició su andadura por el mundocibernáutico, con la idea de dar noticias acerca de la escuela, además de aportar materiales e ideas para los alumnos.</p>
<p>Lo primero que hubo que hacer fue ponerle un nombre al mismo. Aún a riesgo de parecer irreverentes por el grueso de los lectores no músicos, decidí que el blog de <em>Sol Menor</em> sólo podía tener un nombre: <em>Con 2 bemoles</em>. Ese fue el comienzo. (…) A día de hoy, la cara de sorpresa y revelación de mis alumnos y otros seguidores al entender el por qué del nombre me hace pensar que fue todo un acierto y eso siempre es agradable. Y si no hubiera sido así…</p>
<p>Además de comentar los eventos referentes a la escuela, he intentado todo este tiempo opinar acerca de noticias musicales que me han parecido interesantes fueran o no actuales, y dar mi visión absolutamente subjetiva acerca del mundo de la música tal y como lo conocemos hoy en día. Al fin y al cabo, un blog da la libertad de poder expresar los sentimientos y opiniones, dando posibilidad a que surjan nuevos debates y que opiniones externas enriquezcan las propias.</p>
<p>Aunque <em><a href="http://con2bemoles.wordpress.com/">Con 2 bemoles</a></em> no es un blog que sobresalga por la cantidad de contenidos, ni por grandes artículos de investigación ni, sobretodo, por su regularidad, invito a todo aquel que quiera a pasarse y opinar.</p>
<p>Porque ante todo, un blog no es (o no debería ser) unidireccional.</p>

<p>Guidoblogs apareció en mi vida de la mano de Musikanten, el blog de una compañera de estudios y profesión. Ella me comentó el interesante trabajo que estaba desarrollando José Luis Miralles y me decidí a escribirle para formar parte de la comunidad.&hellip;</p>
<p class="more-link-p"><a class="more-link" href="https://guidoblogs.org/?page_id=1932">Read more &rarr;</a></p>
