{"id":1110,"date":"2012-01-20T01:16:26","date_gmt":"2012-01-20T00:16:26","guid":{"rendered":"http:\/\/guidoblogs.org\/?page_id=1110"},"modified":"2012-01-20T09:59:33","modified_gmt":"2012-01-20T08:59:33","slug":"200112-el-blog-de-antonio-narejos","status":"publish","type":"page","link":"https:\/\/guidoblogs.org\/?page_id=1110","title":{"rendered":"20\/01\/12 &#8211; El Blog de Antonio Narejos"},"content":{"rendered":"<p>Queridos colegas,<\/p>\n<p>Aprovecho la oportunidad de presentarme a la comunidad de <em>GuidoBlogs <\/em>para expresar mi gratitud y mi sincera felicitaci\u00f3n a Jos\u00e9 Luis Miralles por haber sido capaz de poner en marcha este proyecto, concitando en un tiempo r\u00e9cord tantos y tan diversos enfoques de la realidad educativa musical en nuestro pa\u00eds.<\/p>\n<p>\u00c9ste es precisamente uno de los \u00e1mbitos a los que mi blog presta mayor atenci\u00f3n, el de nuestras ense\u00f1anzas musicales. El Espacio Europeo de Educaci\u00f3n Superior nos ha impulsado a una nueva realidad, pero al mismo tiempo est\u00e1 poniendo en evidencia las grandes lagunas y deficiencias de las estructuras que sustentan nuestros centros educativos.<\/p>\n<p>En 1997, cuando Jes\u00fas Tejada lideraba felizmente la lista de correo LEEME (pionera en Espa\u00f1a en materia de educaci\u00f3n musical), ya plante\u00e9 una cuesti\u00f3n pol\u00e9mica al afirmar \u00abhoy ya nadie lo pone en duda: los conservatorios no funcionan\u00bb. Ha llovido mucho desde entonces. Internet se ha convertido en un universo de posibilidades impensables hace apenas 15 a\u00f1os&#8230; pero los conservatorios no han evolucionado mucho. Esa es la verdad.<\/p>\n<p>No se supieron aprovechar las vacas gordas que rumiaron la crisis actual, y hoy casi \u00fanicamente nos queda nuestra propia labor como m\u00fasicos y profesores, nuestro entusiasmo y abnegaci\u00f3n. Pero hoy m\u00e1s que nunca tenemos que ejercer nuestro derecho a pelear por la dignidad y la calidad de nuestras ense\u00f1anzas, revel\u00e1ndonos ante tanta desidia pol\u00edtica y administrativa, luchando por la competitividad de nuestros centros y haciendo valer con orgullo nuestro potencial de trabajo y nuestras ilusiones.<\/p>\n<p>Mi blog trata de compartir con vosotros mi perspectiva acad\u00e9mica como profesor de Piano en el Conservatorio Superior de M\u00fasica de Murcia (y 11 a\u00f1os de vicedirecci\u00f3n a los que acabo de decir adi\u00f3s), como profesor del M\u00e1ster de Investigaci\u00f3n Musical de la Universidad de Murcia y como miembro del Consejo de la Asociaci\u00f3n Europea de Conservatorios (AEC) responsable del \u00e1rea de Espa\u00f1a y Portugal.<\/p>\n<p>Pero hay otros aspectos que tambi\u00e9n me apasionan, como los relacionados con nuestra sociedad y su modo de hab\u00e9rselas con la m\u00fasica. Los profundos cambios de los que somos testigos, y que afectan a los valores \u00e9ticos y est\u00e9ticos de nuestra \u00e9poca, al papel de la creaci\u00f3n, etc., est\u00e1n configurando nuevos escenarios para la experiencia musical compartida. Pero nosotros los m\u00fasicos, adem\u00e1s de testigos de excepci\u00f3n somos tambi\u00e9n protagonistas y por tanto responsables de nuestro tiempo y del futuro que nos queremos dar.<\/p>\n<p>Mi blog parte de los sue\u00f1os de una ya vieja juventud que cre\u00eda en la m\u00fasica como experiencia global, como un estilo de vida. Convencido de que merece la pena implicarse con la ingenuidad de un principiante, mi blog huye de convenciones y certidumbres, buscando vivencias espont\u00e1neas y aut\u00e9nticas, las cuales solo pueden ser tales si son compartidas. Por eso encuentro en el blog una oportunidad para reflexionar en voz alta, con el fin de conversar y suscitar una reacci\u00f3n de los dem\u00e1s intercambiando puntos de vista.<\/p>\n<p>Como despedida me gustar\u00eda obsequiar a toda la comunidad de GuidoBlogs con una de mis composiciones, la obra para piano <em><a title=\"Descargar Calidoscopio de Antonio Narejos\" href=\"http:\/\/www.narejos.com\/documentos\/calidoscopio.pdf\" target=\"_blank\">Calidoscopio<\/a><\/em>, estrenada por Leonel Morales en la Fundaci\u00f3n Juan March en 2007. Me parece una hermosa ocasi\u00f3n para compartir esta partitura porque encuentro que el calidoscopio es al mismo tiempo un s\u00edmbolo de nuestro planeta de blogs, al ofrecernos la realidad de nuestro mundo en toda su diversidad, con sus reflejos de color y sus expresiones polim\u00f3rficas.<\/p>\n<p>Un afectuoso saludo a todos los habitantes de este nuevo planeta, en donde quiero seguir viviendo la pasi\u00f3n por la m\u00fasica.<\/p>\n<p><a href=\"http:\/\/narejos.es\/blog\/\">Antonio Narejos<\/a><\/p>\n","protected":false},"excerpt":{"rendered":"<p>Queridos colegas, Aprovecho la oportunidad de presentarme a la comunidad de GuidoBlogs para expresar mi gratitud y mi sincera felicitaci\u00f3n a Jos\u00e9 Luis Miralles por haber sido capaz de poner en marcha este proyecto, concitando en un tiempo r\u00e9cord tantos&hellip;<\/p>\n<p class=\"more-link-p\"><a class=\"more-link\" href=\"https:\/\/guidoblogs.org\/?page_id=1110\">Read more &rarr;<\/a><\/p>\n","protected":false},"author":1,"featured_media":0,"parent":15,"menu_order":3,"comment_status":"open","ping_status":"open","template":"","meta":{"jetpack_post_was_ever_published":false,"footnotes":""},"class_list":["post-1110","page","type-page","status-publish","hentry"],"jetpack_shortlink":"https:\/\/wp.me\/P26BS1-hU","jetpack_sharing_enabled":true,"_links":{"self":[{"href":"https:\/\/guidoblogs.org\/index.php?rest_route=\/wp\/v2\/pages\/1110","targetHints":{"allow":["GET"]}}],"collection":[{"href":"https:\/\/guidoblogs.org\/index.php?rest_route=\/wp\/v2\/pages"}],"about":[{"href":"https:\/\/guidoblogs.org\/index.php?rest_route=\/wp\/v2\/types\/page"}],"author":[{"embeddable":true,"href":"https:\/\/guidoblogs.org\/index.php?rest_route=\/wp\/v2\/users\/1"}],"replies":[{"embeddable":true,"href":"https:\/\/guidoblogs.org\/index.php?rest_route=%2Fwp%2Fv2%2Fcomments&post=1110"}],"version-history":[{"count":0,"href":"https:\/\/guidoblogs.org\/index.php?rest_route=\/wp\/v2\/pages\/1110\/revisions"}],"up":[{"embeddable":true,"href":"https:\/\/guidoblogs.org\/index.php?rest_route=\/wp\/v2\/pages\/15"}],"wp:attachment":[{"href":"https:\/\/guidoblogs.org\/index.php?rest_route=%2Fwp%2Fv2%2Fmedia&parent=1110"}],"curies":[{"name":"wp","href":"https:\/\/api.w.org\/{rel}","templated":true}]}}

<p>Queridos colegas,</p>
<p>Aprovecho la oportunidad de presentarme a la comunidad de <em>GuidoBlogs </em>para expresar mi gratitud y mi sincera felicitación a José Luis Miralles por haber sido capaz de poner en marcha este proyecto, concitando en un tiempo récord tantos y tan diversos enfoques de la realidad educativa musical en nuestro país.</p>
<p>Éste es precisamente uno de los ámbitos a los que mi blog presta mayor atención, el de nuestras enseñanzas musicales. El Espacio Europeo de Educación Superior nos ha impulsado a una nueva realidad, pero al mismo tiempo está poniendo en evidencia las grandes lagunas y deficiencias de las estructuras que sustentan nuestros centros educativos.</p>
<p>En 1997, cuando Jesús Tejada lideraba felizmente la lista de correo LEEME (pionera en España en materia de educación musical), ya planteé una cuestión polémica al afirmar «hoy ya nadie lo pone en duda: los conservatorios no funcionan». Ha llovido mucho desde entonces. Internet se ha convertido en un universo de posibilidades impensables hace apenas 15 años&#8230; pero los conservatorios no han evolucionado mucho. Esa es la verdad.</p>
<p>No se supieron aprovechar las vacas gordas que rumiaron la crisis actual, y hoy casi únicamente nos queda nuestra propia labor como músicos y profesores, nuestro entusiasmo y abnegación. Pero hoy más que nunca tenemos que ejercer nuestro derecho a pelear por la dignidad y la calidad de nuestras enseñanzas, revelándonos ante tanta desidia política y administrativa, luchando por la competitividad de nuestros centros y haciendo valer con orgullo nuestro potencial de trabajo y nuestras ilusiones.</p>
<p>Mi blog trata de compartir con vosotros mi perspectiva académica como profesor de Piano en el Conservatorio Superior de Música de Murcia (y 11 años de vicedirección a los que acabo de decir adiós), como profesor del Máster de Investigación Musical de la Universidad de Murcia y como miembro del Consejo de la Asociación Europea de Conservatorios (AEC) responsable del área de España y Portugal.</p>
<p>Pero hay otros aspectos que también me apasionan, como los relacionados con nuestra sociedad y su modo de habérselas con la música. Los profundos cambios de los que somos testigos, y que afectan a los valores éticos y estéticos de nuestra época, al papel de la creación, etc., están configurando nuevos escenarios para la experiencia musical compartida. Pero nosotros los músicos, además de testigos de excepción somos también protagonistas y por tanto responsables de nuestro tiempo y del futuro que nos queremos dar.</p>
<p>Mi blog parte de los sueños de una ya vieja juventud que creía en la música como experiencia global, como un estilo de vida. Convencido de que merece la pena implicarse con la ingenuidad de un principiante, mi blog huye de convenciones y certidumbres, buscando vivencias espontáneas y auténticas, las cuales solo pueden ser tales si son compartidas. Por eso encuentro en el blog una oportunidad para reflexionar en voz alta, con el fin de conversar y suscitar una reacción de los demás intercambiando puntos de vista.</p>
<p>Como despedida me gustaría obsequiar a toda la comunidad de GuidoBlogs con una de mis composiciones, la obra para piano <em><a title="Descargar Calidoscopio de Antonio Narejos" href="http://www.narejos.com/documentos/calidoscopio.pdf" target="_blank">Calidoscopio</a></em>, estrenada por Leonel Morales en la Fundación Juan March en 2007. Me parece una hermosa ocasión para compartir esta partitura porque encuentro que el calidoscopio es al mismo tiempo un símbolo de nuestro planeta de blogs, al ofrecernos la realidad de nuestro mundo en toda su diversidad, con sus reflejos de color y sus expresiones polimórficas.</p>
<p>Un afectuoso saludo a todos los habitantes de este nuevo planeta, en donde quiero seguir viviendo la pasión por la música.</p>
<p><a href="http://narejos.es/blog/">Antonio Narejos</a></p>

<p>Queridos colegas, Aprovecho la oportunidad de presentarme a la comunidad de GuidoBlogs para expresar mi gratitud y mi sincera felicitación a José Luis Miralles por haber sido capaz de poner en marcha este proyecto, concitando en un tiempo récord tantos&hellip;</p>
<p class="more-link-p"><a class="more-link" href="https://guidoblogs.org/?page_id=1110">Read more &rarr;</a></p>
